hat are the prime factors of 79543726?
2, 571, 69653
List the prime factors of 68498059.
7, 19, 61, 8443
What are the prime factors of 43129849?
7, 125743
What are the prime factors of 44139506?
2, 22069753
What are the prime factors of 1764922170?
2, 3, 5, 11, 5348249
List the prime factors of 2319195026.
2, 1159597513
What are the prime factors of 192350215?
5, 691, 55673
What are the prime factors of 1342327895?
5, 268465579
What are the prime factors of 17261935?
5, 3452387
List the prime factors of 65468132.
2, 113, 241, 601
List the prime factors of 935525027.
935525027
List the prime factors of 28989523.
691, 41953
List the prime factors of 1961169186.
2, 3, 326861531
List the prime factors of 1305327621.
3, 13, 33469939
What are the prime factors of 719073?
3, 109, 733
What are the prime factors of 307233941?
7, 43890563
What are the prime factors of 1295673414?
2, 3, 7, 30849367
What are the prime factors of 6739880047?
6739880047
What are the prime factors of 11944497?
3, 43, 92593
List the prime factors of 21564206.
2, 10782103
What are the prime factors of 2356602259?
11, 214236569
List the prime factors of 4917486387.
3, 11, 19, 7842881
List the prime factors of 68860902.
2, 3, 11, 19, 89, 617
List the prime factors of 7406227519.
7406227519
List the prime factors of 434974272.
2, 3, 367, 6173
What are the prime factors of 151111802?
2, 75555901
List the prime factors of 5799360.
2, 3, 5, 7, 863
List the prime factors of 5427189736.
2, 16301, 41617
List the prime factors of 1183980887.
12821, 92347
List the prime factors of 675597753.
3, 61, 136733
What are the prime factors of 299337316?
2, 74834329
List the prime factors of 1245058378.
2, 43, 293, 49411
List the prime factors of 5580975607.
97, 57535831
What are the prime factors of 89752628?
2, 7, 787, 4073
List the prime factors of 50036700.
2, 3, 5, 7, 23827
List the prime factors of 159122624.
2, 2486291
What are the prime factors of 182252193?
3, 31, 1959701
What are the prime factors of 1639129165?
5, 223, 1470071
What are the prime factors of 332171459?
37, 8977607
List the prime factors of 1219688679.
3, 11, 19, 43, 2381
List the prime factors of 1526159054.
2, 7, 17, 37, 173309
What are the prime factors of 180919821?
3, 523, 115309
List the prime factors of 12781802.
2, 11, 487, 1193
List the prime factors of 1541168645.
5, 308233729
What are the prime factors of 88102815?
3, 5, 5873521
List the prime factors of 642651889.
11, 58422899
What are the prime factors of 2493862631?
13, 191835587
List the prime factors of 721639492.
2, 7, 25772839
What are the prime factors of 947483701?
947483701
What are the prime factors of 79538389?
7, 19, 71, 8423
What are the prime factors of 4186693654?
2, 11, 13, 31, 42929
What are the prime factors of 395559818?
2, 239, 641, 1291
List the prime factors of 765821280.
2, 3, 5, 7, 317, 719
List the prime factors of 3651697568.
2, 857, 133157
What are the prime factors of 759510548?
2, 43, 1181, 3739
What are the prime factors of 26451546?
2, 3, 11, 179, 2239
List the prime factors of 1302213678.
2, 3, 19, 23, 47, 10567
List the prime factors of 41896814.
2, 733, 28579
What are the prime factors of 137830894?
2, 1667, 41341
List the prime factors of 59988754.
2, 7, 1543, 2777
List the prime factors of 3976698597.
3, 23, 53, 367, 2963
List the prime factors of 264181047.
3, 13, 691, 9803
List the prime factors of 13548917.
13548917
List the prime factors of 20873627.
23, 907549
What are the prime factors of 1078124821?
6203, 173807
List the prime factors of 346752911.
239, 1450849
List the prime factors of 94794613.
131, 723623
List the prime factors of 5491288895.
5, 19, 251, 230291
List the prime factors of 187305449.
187305449
What are the prime factors of 9166810?
2, 5, 71, 12911
List the prime factors of 327464235.
3, 5, 7, 197, 1759
List the prime factors of 504325090.
2, 5, 50432509
List the prime factors of 486175047.
3, 163, 523, 1901
What are the prime factors of 247453858?
2, 419, 295291
What are the prime factors of 123475841?
67, 89, 20707
What are the prime factors of 90022298?
2, 83, 227, 2389
What are the prime factors of 192422124?
2, 3, 67, 79777
List the prime factors of 1088247852.
2, 3, 23, 29, 15107
What are the prime factors of 44169027?
3, 7, 947, 2221
What are the prime factors of 555785765?
5, 241, 461233
List the prime factors of 59471100.
2, 3, 5, 13, 17, 23
What are the prime factors of 630119548?
2, 157529887
List the prime factors of 24058269.
3, 891047
List the prime factors of 679855965.
3, 5, 23, 1970597
What are the prime factors of 171480028?
2, 61, 702787
What are the prime factors of 26653902?
2, 3, 11, 431, 937
List the prime factors of 2682888498.
2, 3, 23, 47, 173, 797
What are the prime factors of 329426646?
2, 3, 17, 31, 104183
What are the prime factors of 37829212?
2, 557, 16979
List the prime factors of 47317362.
2, 3, 41, 192347
List the prime factors of 50884889.
11, 701, 6599
List the prime factors of 131819613.
3, 107, 167, 2459
List the prime factors of 145591347.
3, 11, 113, 39043
What are the prime factors of 827585411?
5591, 148021
List the prime factors of 4707764376.
2, 3, 7, 4003201
List the prime factors of 5128213940.
2, 5, 8681, 29537
What are the prime factors of 36802982?
2, 173, 106367
What are the prime factors of 277319786?
2, 23, 61, 4297
What are the prime factors of 46660873?
7, 6665839
What are the prime factors of 5603201959?
3259, 1719301
List the prime factors of 1068041992.
2, 9433, 14153
List the prime factors of 271768841.
673, 403817
What are the prime factors of 230742132?
2, 3, 19228511
What are the prime factors of 61940788?
2, 7, 13, 170167
What are the prime factors of 400013794?
2, 41, 4878217
List the prime factors of 331879141.
11, 1033, 29207
List the prime factors of 49295478.
2, 3, 17, 483289
List the prime factors of 585493825.
5, 7, 3345679
What are the prime factors of 3363403081?
109, 30856909
List the prime factors of 51214553.
13, 211, 18671
List the prime factors of 23621543.
11, 191, 11243
What are the prime factors of 175317141?
3, 17, 3437591
What are the prime factors of 61522917?
3, 3499, 5861
What are the prime factors of 661550222?
2, 330775111
List the prime factors of 177991313.
103, 1728071
List the prime factors of 263556541.
1901, 138641
What are the prime factors of 35381403?
3, 17, 61, 223
List the prime factors of 106953156.
2, 3, 990307
List the prime factors of 3767866605.
3, 5, 61, 67, 6829
What are the prime factors of 112438340?
2, 5, 7, 17, 397
List the prime factors of 49407357.
3, 107, 149, 1033
What are the prime factors of 38351464?
2, 31, 154643
List the prime factors of 39515332.
2, 103, 95911
List the prime factors of 326982788.
2, 11, 7431427
What are the prime factors of 19639771?
31, 409, 1549
List the prime factors of 611653877.
29, 2731, 7723
What are the prime factors of 66502842?
2, 3, 7, 419, 3779
What are the prime factors of 1852985960?
2, 5, 7, 277, 3413
What are the prime factors of 398365044?
2, 3, 7, 11, 47, 9173
List the prime factors of 67693264.
2, 397, 10657
What are the prime factors of 5243659510?
2, 5, 43, 281, 43397
List the prime factors of 309746294.
2, 11, 13, 577, 1877
List the prime factors of 285922902.
2, 3, 37, 47, 67, 409
What are the prime factors of 1377502124?
2, 344375531
List the prime factors of 87909906.
2, 3, 7, 61, 34313
List the prime factors of 95992515.
3, 5, 2133167
List the prime factors of 1827689801.
7, 12979, 20117
What are the prime factors of 106023108?
2, 3, 53, 166703
List the prime factors of 111754197.
3, 29, 428177
What are the prime factors of 2520233346?
2, 3, 41, 10244851
List the prime factors of 750074798.
2, 11, 179, 190471
What are the prime factors of 272249136?
2, 3, 101, 18719
List the prime factors of 822692612.
2, 7, 23, 107, 11939
What are the prime factors of 201815886?
2, 3, 281, 119701
What are the prime factors of 128879734?
2, 47, 1371061
List the prime factors of 7774062138.
2, 3, 31, 467, 29833
List the prime factors of 54305362.
2, 27152681
List the prime factors of 3697422930.
2, 3, 5, 103, 132953
List the prime factors of 243883746.
2, 3, 653, 20749
What are the prime factors of 496728996?
2, 3, 31, 37, 151, 239
List the prime factors o